3 prime?
True
Is 33830627 prime?
False
Is 27041467 composite?
True
Is 101617 a prime number?
False
Is 15548951 composite?
True
Is 359069 a prime number?
True
Is 2823361 a composite number?
False
Is 103609523 a prime number?
False
Is 15124561 a composite number?
False
Is 16623109 a prime number?
True
Is 929319387 prime?
False
Is 189526021 a composite number?
True
Is 27614859 a composite number?
True
Is 113527 composite?
True
Is 101340559 prime?
True
Is 82399711 prime?
True
Is 3349849 a composite number?
True
Is 7961043 prime?
False
Is 1217893 composite?
False
Is 1454535509 composite?
True
Is 85691 a prime number?
True
Is 4033753 a composite number?
False
Is 21707629 a prime number?
False
Is 97042457 a prime number?
True
Is 134165077 a prime number?
False
Is 2112911 a prime number?
False
Is 467197 prime?
True
Is 58557437 composite?
False
Is 31068671 prime?
False
Is 5921169 prime?
False
Is 18840011 a prime number?
True
Is 111555463 prime?
True
Is 43621603 a prime number?
False
Is 2146501 prime?
False
Is 1075182919 prime?
True
Is 209123 prime?
True
Is 5034859 a composite number?
True
Is 89683289 composite?
True
Is 40780177 composite?
True
Is 407359019 prime?
True
Is 4008701 composite?
False
Is 4177037 prime?
False
Is 438701 a composite number?
False
Is 428599867 composite?
False
Is 638948539 composite?
False
Is 64879679 a prime number?
True
Is 217663 a prime number?
False
Is 8008769 a composite number?
False
Is 397937737 prime?
True
Is 31400321 a composite number?
False
Is 2367857 prime?
True
Is 3977293 a composite number?
False
Is 810767 a prime number?
False
Is 402641066 a prime number?
False
Is 36920791 composite?
False
Is 11087239 a composite number?
True
Is 24666127 prime?
True
Is 5547823 a prime number?
False
Is 1815323 prime?
True
Is 5157429 a composite number?
True
Is 328411 composite?
False
Is 15873463 a prime number?
False
Is 376423 a composite number?
True
Is 1823573 a composite number?
True
Is 755028641 a prime number?
True
Is 3239669 a prime number?
True
Is 1199901553 composite?
False
Is 65124991 composite?
True
Is 11596757 composite?
False
Is 9676565 prime?
False
Is 3740963 composite?
True
Is 17638021 a composite number?
True
Is 10938065 composite?
True
Is 10787837 a prime number?
True
Is 20383973 prime?
False
Is 213484111 a composite number?
False
Is 417055139 composite?
True
Is 3002339 composite?
True
Is 27321869 a composite number?
False
Is 21910937 composite?
False
Is 301437343 a composite number?
True
Is 17539 a prime number?
True
Is 39814661 a prime number?
False
Is 15088063 prime?
True
Is 25383557 prime?
True
Is 15820307 prime?
True
Is 212323289 a prime number?
False
Is 620213 a prime number?
False
Is 59473891 a prime number?
True
Is 199179807 composite?
True
Is 7660787 prime?
True
Is 803783 a prime number?
False
Is 7301663 composite?
True
Is 83728607 prime?
True
Is 86792974 a prime number?
False
Is 8123573 composite?
False
Is 21802589 a composite number?
False
Is 8964721 composite?
False
Is 645853 prime?
False
Is 240668927 prime?
True
Is 18410491 composite?
True
Is 1392796203 a composite number?
True
Is 8909953 prime?
False
Is 135977 a composite number?
False
Is 66927893 a prime number?
False
Is 33819433 a prime number?
False
Is 1297613 a composite number?
True
Is 193248119 prime?
True
Is 5276443 composite?
True
Is 3468461 prime?
True
Is 372994735 composite?
True
Is 31355587 composite?
False
Is 150873581 composite?
False
Is 55017199 prime?
True
Is 48505891 composite?
True
Is 43701109 composite?
False
Is 435991 composite?
True
Is 2047393 a composite number?
False
Is 547159 composite?
True
Is 310744517 a composite number?
True
Is 1223351 a composite number?
False
Is 285760379 a prime number?
False
Is 8154979 composite?
True
Is 24265051 a prime number?
True
Is 2728409 prime?
True
Is 11293034 a composite number?
True
Is 5099743 a prime number?
False
Is 2173819 a prime number?
True
Is 314666369 a composite number?
True
Is 550339 composite?
True
Is 1323677551 prime?
False
Is 173249 a composite number?
False
Is 6795349 prime?
False
Is 29234507 a prime number?
False
Is 152310131 prime?
True
Is 21377 composite?
False
Is 28832927 a prime number?
True
Is 356887513 composite?
False
Is 1868039 a composite number?
False
Is 4414867 a composite number?
False
Is 148531979 a prime number?
True
Is 2691479 a composite number?
True
Is 15704939 a prime number?
True
Is 360325909 a prime number?
True
Is 76025869 prime?
True
Is 138613 a composite number?
True
Is 27435211 prime?
True
Is 8671697 prime?
True
Is 2689213 a composite number?
True
Is 8569663 a composite number?
False
Is 31320539 composite?
False
Is 8217061 a composite number?
True
Is 249146369 prime?
False
Is 3121163 prime?
True
Is 1740971 prime?
True
Is 853329423 composite?
True
Is 218542271 composite?
False
Is 4111901 prime?
True
Is 63654889 prime?
False
Is 3208151 a composite number?
False
Is 10265119 prime?
True
Is 63151457 prime?
True
Is 21399421 a composite number?
False
Is 52498763 prime?
True
Is 22847501 a prime number?
True
Is 5231521 prime?
True
Is 20525711 a composite number?
True
Is 6626677 a composite number?
False
Is 6437117 prime?
False
Is 59358233 prime?
False
Is 8427907 a composite number?
False
Is 123855151 prime?
False
Is 18122783 prime?
False
Is 64021323 a composite number?
True
Is 36693211 a prime number?
False
Is 132797603 a prime number?
True
Is 144106819 a prime number?
True
Is 2157523 a composite number?
False
Is 1039303 composite?
True
Is 107901277 a composite number?
True
Is 9215861 prime?
False
Is 209070491 a prime number?
False
Is 8218589 prime?
True
Is 25843054 prime?
False
Is 285151 composite?
False
Is 3591809 a prime number?
False
Is 327869 a prime number?
True
Is 4845199 a prime number?
True
Is 2034161 a prime number?
True
Is 585499 a prime number?
False
Is 127430077 prime?
True
Is 253793663 a prime number?
False
Is 7379873 a composite number?
False
Is 5097629 a prime number?
True
Is 78414353 a prime number?
False
Is 618425177 prime?
False
Is 193694 a composite number?
True
Is 4141745 a composite number?
True
Is 64639441 a composite number?
True
Is 6841213 prime?
False
Is 339019339 a prime number?
True
Is 872903 a composite number?
True
Is 3592169 a prime number?
False
Is 6873371 composite?
False
Is 1939999 prime?
True
Is 13114549 a composite number?
True
Is 181057 a composite number?
True
Is 126654662 a prime number?
False
Is 35508559 prime?
True
Is 16885987 a prime number?
True
Is 11926715 composite?
True
Is 52702879 a prime number?
False
Is 84718103 composite?
False
Is 3580483 a composite number?
True
Is 135861371 prime?
True
Is 3836517 prime?
False
Is 207388091 a composite number?
False
Is 68679647 composite?
False
Is 1580109 prime?
False
Is 88384427 prime?
True
Is 433767 a prime number?
False
Is 1418611 a composite number?
False
Is 39337513 composite?
False
Is 5280389 a prime number?
False
Is 88046561 composite?
False
Is 232805549 prime?
True
Is 33186859 prime?
False
Is 5090201 a prime number?
False
Is 25035253 prime?
True
Is 42889331 composite?
True
Is 2459993 a prime number?
True
Is 8741779 prime?
True
Is 18354847 a composite number?
True
Is 74328431 a prime number?
True
Is 10616299 a composite number?
True
Is 25128769 a prime number?
False
Is 133266311 a composite number?
False
Is 6958481 a composite number?
False
Is 2267773 a composite number?
False
Is 273655751 a composite number?
True
Is 10780609 a prime number?
False
Is 16483711 composite?
True
Is 424480661 a composite number?
True
Is 21436757 composite?
False
Is 56842931 prime?
True
Is 147610103 prime?
True
Is 75553799 prime?
True
Is 7845079 composite?
True
Is 30497627 a prime number?
True
Is 28753291 prime?
False
Is 14251333 a composite number?
True
Is 1461749 prime?
True
Is 8980961 composite?
True
Is 69223487 composite?
False
Is 320971163 a prime number?
True
Is 60196937 a prime number?
True
Is 43105949 prime?
True
Is 3663553 composite?
True
Is 149392729 a composite number?
False
Is 33029917 a prime number?
True
Is 4111553 a composite number?
False
Is 8341307 a composite number?
True
Is 587844307 prime?
True
Is 95022853 a composite number?
False
Is 317786591 composite?
False
Is 1011523 composite?
True
Is 4703591 composite?
True
Is 251147 composite?
True
Is 7905949 prime?
True
Is 32474971 